+ 24*w**2 + 1952*w + 49417. Give h(-25).
-8
Let z(i) = 2496*i + 87364. Give z(-35).
4
Let i(h) = 2*h**2 + 5*h - 9092. What is i(66)?
-50
Let y(b) = -3*b**2 + 6496*b + 46. Calculate y(0).
46
Let k(l) = 3*l**2 + 5*l - 331. Calculate k(7).
-149
Let k(c) = -c**3 + 32*c**2 + 14*c - 1376. Give k(31).
19
Let d(y) = -y**3 + 127*y**2 + 806*y - 117199. Calculate d(126).
233
Let d(h) = 9670*h + 1112039. Give d(-115).
-11
Let p(b) = 182160*b - 5282634. What is p(29)?
6
Let f(c) = -3*c**2 + 321*c + 12828. Determine f(138).
-6
Let h(v) = -3293*v + 25394. What is h(7)?
2343
Let k(s) = s**2 + 246*s - 286356. Determine k(426).
-84
Let k(x) = 2*x**3 + 1322*x**2 - 1966*x - 425019. Calculate k(-662).
-15
Let m(a) = a**3 - 18*a**2 - 23*a - 849. What is m(21)?
-9
Let g(x) = -x**2 - 2313*x - 32268. Determine g(-14).
-82
Let d(g) = 154577*g - 772892. Determine d(5).
-7
Let f(k) = -13*k**3 + 6*k**2 + 151*k + 144. Determine f(-1).
12
Let p(c) = -1495*c - 29491. Calculate p(-20).
409
Let j(p) = -6*p + 1104. What is j(58)?
756
Let d(x) = -x**3 - 13*x**2 + 303*x + 966. Give d(-24).
30
Let g(c) = c**3 + 115*c**2 + 370*c + 3390. Determine g(-112).
-418
Let x(u) = 8*u**3 + 13*u**2 + 53*u + 455. Determine x(-8).
-3233
Let y(u) = -99*u - 5358. Calculate y(-52).
-210
Let t(k) = 4*k**3 - 1175*k**2 - 469*k + 51469. Calculate t(294).
19
Let h(k) = 2*k**3 + 30*k**2 + 70*k - 14. Determine h(-3).
-8
Let z(i) = 158346*i + 1900161. Give z(-12).
9
Let v(x) = -x**3 - 55*x**2 - 145*x + 31. Determine v(-52).
-541
Let n(l) = 5*l**2 - 1380*l - 5425. Calculate n(278).
-2645
Let g(y) = 152887*y + 4892393. Give g(-32).
9
Let v(d) = -17729*d + 904079. Give v(51).
-100
Let o(f) = 208*f**2 - 3279*f - 4375. What is o(17)?
-6
Let x(t) = -19*t**2 + 41225*t - 369480. What is x(9)?
6
Let p(l) = 7*l**2 - 171*l + 331. Determine p(2).
17
Let q(n) = 956*n + 7827. Give q(-8).
179
Let w(t) = -164529*t - 1151698. Determine w(-7).
5
Let z(v) = 27*v**3 - 10*v**2 + 62*v - 284. Calculate z(6).
5560
Let v(b) = 4*b**3 + 1382*b**2 + 3437*b + 2407. Calculate v(-343).
6
Let n(o) = 3492005*o + 6984005. Give n(-2).
-5
Let b(s) = 71*s**3 - 18458*s**2 - 515*s - 1331. Give b(260).
-31
Let b(q) = 6*q**2 + 33940*q + 33940. What is b(-1)?
6
Let s(b) = -8*b**2 + 802*b + 7. Determine s(105).
-3983
Let m(a) = 252*a**2 + 5545*a - 15. Give m(-22).
-37
Let q(l) = l**3 + 3*l**2 + 62926*l + 377630. Calculate q(-6).
-34
Let f(z) = z**2 + 501*z + 40243. What is f(-100)?
143
Let b(c) = -1437*c + 12903. Give b(9).
-30
Let f(l) = -45*l**2 + 137*l - 408. Determine f(5).
-848
Let r(h) = -66*h - 1891. What is r(-33)?
287
Let q(g) = -2*g**3 - 246*g**2 - 936*g - 192. Calculate q(-119).
-2096
Let i(p) = p**3 - 8*p**2 + 350*p - 3233. Determine i(9).
-2
Let v(l) = 6375*l**2 + 57376*l + 12. Determine v(-9).
3
Let j(f) = -f**2 - 5614*f - 5615. Determine j(-1).
-2
Let h(k) = -296*k**2 + 27223*k - 394. Determine h(92).
-1222
Let i(b) = 3*b**2 - 326*b + 5565. Calculate i(21).
42
Let f(q) = -18198*q + 36384. Calculate f(2).
-12
Let k(b) = 1485*b - 65339. Give k(44).
1
Let c(d) = -31838*d + 252632. Give c(8).
-2072
Let w(q) = q**2 + 1333*q - 482044. Give w(296).
140
Let y(v) = -2*v**3 + 26*v**2 + 761*v - 265. Determine y(-15).
920
Let n(q) = 712*q + 1137. Calculate n(-8).
-4559
Let p(v) = -72*v + 11370. Calculate p(155).
210
Let q(u) = 2463*u + 662526. Determine q(-269).
-21
Let d(a) = -a**3 + 21*a**2 - 37*a + 241. Calculate d(16).
929
Let m(c) = 9*c**2 + c + 148. Calculate m(0).
148
Let m(y) = -y**3 + 7*y**2 - 107*y + 788. What is m(6)?
182
Let w(f) = -28*f**2 + 258*f - 795. Calculate w(3).
-273
Let c(x) = 11803*x - 59019. Determine c(5).
-4
Let f(b) = -30*b**2 + 7291*b - 352. Give f(243).
-109
Let o(w) = 767*w - 51304. Give o(67).
85
Let v(y) = 329*y + 134703. Determine v(-410).
-187
Let t(l) = 135*l**2 - 9912*l + 66123. Determine t(66).
-9
Let g(t) = t**3 + 965*t**2 - 18694*t + 90. Determine g(19).
128
Let z(x) = -2*x**2 + 1787*x + 553711. Calculate z(1137).
-8
Let d(h) = h**3 - 7*h**2 - 210*h + 31. What is d(-11)?
163
Let t(j) = 378*j + 4035. What is t(-8)?
1011
Let n(q) = -1032768*q + 1032779. Calculate n(1).
11
Let s(v) = -40*v**2 + 1891*v + 88. Give s(47).
605
Let b(k) = 25174*k + 629383. What is b(-25)?
33
Let j(g) = -3*g**3 - 162*g**2 + g + 118. Give j(-54).
64
Let k(h) = 10*h**3 + 40*h**2 + 26*h + 117. Give k(-4).
13
Let k(z) = 2035*z - 1764357. Calculate k(867).
-12
Let q(h) = 220*h + 1969. What is q(-7)?
429
Let c(j) = -639*j + 13215. Calculate c(20).
435
Let t(b) = 2*b**2 + 3402*b - 1402189. Determine t(343).
-5
Let q(s) = s**3 + 99*s**2 + 963*s - 928. Determine q(-88).
-488
Let f(j) = 413*j + 2924. Give f(-8).
-380
Let z(x) = -2*x**3 - 37*x**2 - 147*x + 66. What is z(-6)?
48
Let v(s) = -22*s**3 + 342*s**2 - 2012*s + 27479. Give v(15).
-1
Let j(c) = -1680234*c - 55447726. Calculate j(-33).
-4
Let r(l) = -3*l**3 - 202*l**2 - 2084*l - 1882. Determine r(-1).
3
Let g(m) = 10001*m + 10501079. Determine g(-1050).
29
Let k(u) = -248661*u + 1491939. Determine k(6).
-27
Let p(o) = -2008*o - 22055. Calculate p(-11).
33
Let w(j) = 3*j**3 - 2780*j**2 - 842*j - 78794. Give w(927).
1
Let s(o) = 47*o**2 - 942*o - 3811. What is s(-4)?
709
Let t(h) = -h**3 - 177*h + 553. Calculate t(3).
-5
Let v(y) = y**3 - 138*y**2 + 1732*y + 403. Give v(124).
-93
Let w(k) = -3*k**3 - 4210*k**2 - 318844*k - 1317. What is w(-1323)?
6
Let d(s) = s**3 - 21*s**2 + 544*s - 3918. Give d(9).
6
Let g(s) = 4*s**2 + 13864*s + 83026. Give g(-6).
-14
Let v(l) = l**3 + 19*l**2 + 16*l - 238. Give v(3).
8
Let y(k) = -k**2 + 21*k - 52. What is y(12)?
56
Let y(t) = 10*t**2 - 510*t + 893. Give y(46).
-1407
Let l(t) = 2*t**3 + 15*t**2 - 2718*t + 2702. Give l(1).
1
Let c(v) = 3*v**2 + 1281*v + 93158. Give c(-334).
-28
Let m(d) = 4*d**3 - 2194*d**2 - 1098*d + 2. Determine m(549).
2
Let b(c) = 105921*c - 317743. Calculate b(3).
20
Let z(x) = 2*x**3 + 259*x**2 + 474*x + 11516. Calculate z(-128).
-4
Let a(v) = -19*v**3 + 253*v**2 + 272*v - 1242. Calculate a(14).
18
Let i(d) = -2*d**3 + 300*d**2 + 859*d + 9019. Calculate i(153).
-8
Let d(z) = 10800*z - 65339. Give d(6).
-539
Let i(k) = -3*k**2 - 447*k - 5690. Calculate i(-14).
-20
Let c(o) = o**3 + 23*o**2 - 676*o + 92631. Give c(-60).
-9
Let c(h) = h**3 + 38*h**2 - 210*h - 655. Determine c(7).
80
Let a(v) = -28*v**2 - 2437*v - 115. Calculate a(-87).
-28
Let p(r) = -2*r**2 + 834*r - 13542. Calculate p(17).
58
Let f(o) = -o**3 - 290*o**2 - 5113*o + 9758. Calculate f(-271).
2
Let y(u) = -921*u + 6895. Calculate y(8).
-473
Let x(l) = 2*l**3 - 573*l**2 + 40904*l + 2540. Calculate x(151).
-27
Let r(h) = 161763*h - 4529363. Calculate r(28).
1
Let q(y) = 10137*y + 60841. What is q(-6)?
19
Let z(f) = 1593*f + 143340. Give z(-90).
-30
Let c(x) = -3490*x**2 - 7*x + 6. Calculate c(0).
6
Let d(v) = 113*v**2 - 28034*v + 2488. What is d(248)?
8
Let u(a) = -76*a + 8357. Determine u(100).
757
Let v(p) = -10793*p + 258514. Give v(24).
-518
Let u(b) = 15*b**2 + 172*b - 3719. Give u(10).
-499
Let h(y) = -16368*y**2 + 7*y - 8. What is h(0)?
-8
Let n(s) = -s**3 + 80*s**2 - 486*s - 2432. Calculate n(73).
-607
Let t(w) = w**2 - 87*w - 816. Determine t(-10).
154
Let m(v) = 23*v**2 + 7124*v - 43562. What is m(6)?
10
Let n(o) = -55746*o**2 - 2843046*o - 1. What is n(-51)?
-1
Let l(z) = -z**3 + 347*z**2 - 2418*z + 12722. Calculate l(340).
-198
Let v(n) = -25*n**2 - 136*n - 272. Calculate v(-2).
-100
Let g(p) = 12*p**3 - 32*p**2 + 38*p + 13. Give g(-6).
-3959
Let r(p) = p**2 + 2452*p - 61944. Give r(25).
-19
Let x(i) = 7*i**3 - 803*i**2 - 374*i + 16554. Calculate x(115).
-6
Let m(d) = 9*d**2 + 2416*d + 75316. Calculate m(-36).
4
Let a(h) = -h**3 + 360*h**2 - 10515*h + 621. Determine a(32).
13
Let c(z) = 7253*z - 7233. Give c(1).
20
Let d(n) = 43*n**2 - 219*n + 1073. Calculate d(5).
1053
Let q(o) = 12*o**2 + 16128*o - 129771. Give q(-1352).
21
Let l(b) = -6625*b - 51335. What is l(-8)?
1665
Let o(x) = -x**3 + 6*x**2 + 25*x + 321. Determine o(16).
-1839
Let b(z) = z**3 + 9*z**2 + 14*z + 7. Give b(-4).
31
Let q(v) = -1616*v + 12959. Determine q(8).
31
Let x(r) = 9*r**2 - 231*r + 4207. Calculate x(16).
2815
Let q(v) = -3*v**3 - 25*v**2 - 79*v + 199. Calculate q(-7).
556
Let d(x) = -7373*x - 537802. Give d(-73).
427
Let w(z) = -381*z + 30133. Calculate w(79).
34
Let l(h) = 3